(y) = y**3 - 4*y**2 - 22*y - 7. Calculate b(7).
-14
Let j(n) = n**2 - n - 5. What is j(5)?
15
Let w(m) = m**2 - 12*m - 3. Calculate w(13).
10
Let j(k) = -2*k + 9. Calculate j(0).
9
Let j(f) = 2*f**2 + 19*f - 12. Determine j(-9).
-21
Let v(x) = -x**2 + 3*x + 56. Calculate v(-7).
-14
Let g(h) = -3*h**2 + 4*h + 42. Determine g(-4).
-22
Let j(b) = -2*b**2 + 13*b + 14. What is j(-2)?
-20
Let k(i) = i**3 - 9*i**2 - 6*i + 1. Give k(10).
41
Let r(o) = 7*o + 78. Determine r(-11).
1
Let f(o) = o**3 - 21*o**2 + 21*o - 11. Give f(20).
9
Let q(u) = -u**3 + 6*u**2 - 4*u + 4. Determine q(5).
9
Let x(z) = 2*z**2 + 16*z + 4. Calculate x(-8).
4
Let h(z) = z**3 - 12*z**2 + 18*z - 11. Give h(10).
-31
Let o(k) = k**3 - 12*k**2 - 2*k + 22. Give o(12).
-2
Let t(g) = 4*g**2 + 31*g + 7. What is t(-7)?
-14
Let v(r) = -7*r**3 + r**2 - 4*r - 2. Determine v(-2).
66
Let y(d) = d**2 - 2*d + 2. Give y(0).
2
Let o(n) = -3*n**2 - 26*n + 27. Calculate o(-13).
-142
Let v(i) = 2*i**2 - i + 7. Calculate v(0).
7
Let d(i) = -i**2 - i - 8. Determine d(6).
-50
Let o(a) = 4*a - 21. Determine o(19).
55
Let u(v) = -2*v**2 + 11*v - 2. Determine u(5).
3
Let x(t) = t**2 + 14*t - 14. What is x(-14)?
-14
Let v(z) = -14*z**2 + 5*z - 5. Give v(2).
-51
Let h(f) = f**3 + 5*f**2 + 6*f + 9. Give h(-5).
-21
Let v(q) = 8*q - 16. Calculate v(2).
0
Let f(l) = 2*l**3 - 17*l**2 + 9*l + 7. What is f(8)?
15
Let m(o) = 4*o - 195. What is m(49)?
1
Let p(o) = -o**3 - 8*o**2 - 6. Determine p(-8).
-6
Let u(r) = r**3 + 6*r**2 + 10*r + 7. What is u(-4)?
-1
Let c(y) = y**3 - 25*y**2 - 27*y + 27. What is c(26)?
1
Let h(c) = 27*c + 121. Calculate h(-5).
-14
Let j(f) = f + 18. Determine j(-12).
6
Let u(x) = 24*x + 389. What is u(-16)?
5
Let u(q) = q**3 - 6*q**2 - 6*q - 5. Calculate u(7).
2
Let o(y) = -4*y - 4. Give o(-5).
16
Let k(c) = -c**2 - 2*c - 6. What is k(-5)?
-21
Let f(b) = b**3 + 25*b**2 - 54*b + 8. Determine f(-27).
8
Let z(o) = -2*o - 36. Determine z(9).
-54
Let p(r) = 8*r**3 - r**2 - 3*r + 3. Determine p(1).
7
Let i(o) = 3*o**2 - 5*o - 56. Determine i(-4).
12
Let d(x) = 3*x - 25. Calculate d(34).
77
Let v(g) = g**2 - 3*g - 7. Give v(6).
11
Let m(q) = -6*q + 2. Determine m(4).
-22
Let w(o) = o**2 + 6*o + 6. Give w(-7).
13
Let i(z) = z**2 - 19*z + 18. Determine i(17).
-16
Let w(q) = -q**2 + 9*q + 7. Give w(7).
21
Let b(w) = 2*w**2 + w - 19. Give b(-6).
47
Let l(b) = -4*b + 3. Give l(1).
-1
Let x(j) = -j**3 - 9*j**2 + 11*j + 5. What is x(-10)?
-5
Let t(v) = -v**3 + 4*v**2 - v - 10. Give t(3).
-4
Let n(m) = -m**3 - 13*m**2 - 4*m - 59. What is n(-13)?
-7
Let v(s) = -s**2 - 4*s + 62. What is v(6)?
2
Let b(l) = -73*l + 11. Calculate b(2).
-135
Let i(h) = -9*h - 52. Determine i(-6).
2
Let w(m) = -m**2 + 8*m + 46. Give w(12).
-2
Let y(r) = r**3 - 8*r**2 + 6*r - 14. What is y(7)?
-21
Let i(s) = -6*s**3 + s. Calculate i(-1).
5
Let j(q) = q**2 + 12*q - 14. Give j(-14).
14
Let h(u) = -u**3 - 7*u**2 + 16*u - 24. Determine h(-9).
-6
Let c(d) = d**2 + d - 10. Calculate c(-8).
46
Let t(z) = 17*z**2 + 4*z + 3. Give t(-2).
63
Let v(m) = 2*m**3 + 10*m**2 - 2*m - 2. Give v(-5).
8
Let z(t) = t**3 + 27*t**2 - 30*t + 21. Calculate z(-28).
77
Let d(b) = b**3 + 13*b**2 + 15*b - 2. Calculate d(-12).
-38
Let k(d) = -2*d + 3. Calculate k(10).
-17
Let b(a) = 11*a - 2. What is b(3)?
31
Let l(i) = -i - 1. What is l(8)?
-9
Let q(j) = 3*j**2 + 67*j + 43. Calculate q(-22).
21
Let d(z) = -z**2 + 5*z + 6. Give d(7).
-8
Let x(v) = -v**3 - 5*v**2 + 3*v - 10. Determine x(4).
-142
Let g(f) = f**3 - 2*f**2 - 2*f - 4. Give g(3).
-1
Let u(p) = p**2 + 15*p + 20. What is u(-15)?
20
Let l(x) = -8*x**2 - 2*x - 3. Give l(-2).
-31
Let l(v) = 3*v + 17. Determine l(-10).
-13
Let f(n) = n + 6. Calculate f(-11).
-5
Let s(j) = -j**3 + 2*j**2 + 8*j + 13. What is s(6)?
-83
Let n(r) = 3*r + 16. What is n(-8)?
-8
Let a(b) = -b**3 + b + 1. Calculate a(0).
1
Let y(l) = -9*l + 14. Give y(-6).
68
Let p(l) = -3*l - 8. Give p(-4).
4
Let m(u) = 2*u + 13. Give m(5).
23
Let r(i) = -i**2 - 8*i + 13. Determine r(-9).
4
Let y(b) = b**2 + 35*b - 117. Calculate y(-38).
-3
Let f(y) = -17*y + 12. Calculate f(3).
-39
Let f(j) = j**2 + 8*j + 1. Give f(-4).
-15
Let t(c) = -50*c - 3. What is t(1)?
-53
Let r(z) = -z**2 - z + 2. Give r(-2).
0
Let k(s) = -s**3 + 27*s**2 - 180*s - 10. Calculate k(15).
-10
Let z(h) = h**2 + 3*h - 19. Calculate z(-8).
21
Let b(m) = m**3 - 20*m**2 + 13*m + 116. Give b(19).
2
Let n(v) = -v**3 - 7*v**2 - 8. Give n(-7).
-8
Let y(f) = -f**3 + 16*f**2 - 25*f - 13. Give y(14).
29
Let h(u) = 2*u**3 - 12*u**2 + 9*u - 3. Calculate h(5).
-8
Let o(x) = -x**2 + 2*x + 6. What is o(0)?
6
Let a(l) = -l**2 - 3*l + 37. Calculate a(4).
9
Let n(k) = k**2 + 3*k - 9. Give n(6).
45
Let b(p) = p. Calculate b(-7).
-7
Let t(l) = l + 28. Determine t(-10).
18
Let t(a) = -2*a + 11. Calculate t(4).
3
Let r(m) = 59*m + 584. Calculate r(-10).
-6
Let t(j) = j**3 + 5*j**2 + 15*j + 28. Give t(-4).
-16
Let x(n) = -2*n + 5. Determine x(-1).
7
Let k(v) = -v**3 + 3*v**2 + 3*v + 1. Give k(4).
-3
Let c(z) = -z**3 - 16*z**2 - 22*z - 8. What is c(-15)?
97
Let p(l) = 16*l + 3. What is p(-2)?
-29
Let a(w) = w**3 + 2*w**2 - 5*w + 5. Calculate a(2).
11
Let i(k) = -k**3 + 6*k**2 + 8*k - 16. What is i(7)?
-9
Let d(z) = -2*z**3 - 2*z**2 + 24*z + 43. Calculate d(-2).
3
Let k(w) = -30*w - 31. Determine k(0).
-31
Let r(q) = 5*q**3 + 16*q**2 + q - 5. Give r(-3).
1
Let k(w) = -9*w + 75. Determine k(9).
-6
Let z(b) = 6*b + 89. Calculate z(-14).
5
Let u(w) = 7*w - 6. Calculate u(-2).
-20
Let y(f) = f**2 - 4*f - 5. Give y(5).
0
Let s(r) = -r + 7. What is s(0)?
7
Let k(v) = -v**3 + 8*v**2 - 22*v + 12. Calculate k(3).
-9
Let y(b) = -6*b + 32. Calculate y(-9).
86
Let r(l) = -94*l**3 + l**2 + 2*l + 1. Determine r(-1).
94
Let t(x) = 38*x + 10. What is t(0)?
10
Let v(n) = -n**3 - 17*n**2 + 19*n + 24. What is v(-18)?
6
Let o(u) = u + 19. Determine o(-13).
6
Let s(o) = -o**2 + 3*o + 4. Determine s(4).
0
Let i(s) = -s**2 + 17*s - 57. Calculate i(9).
15
Let a(y) = y**3 - 9*y**2 + 6*y + 73. Calculate a(6).
1
Let t(f) = -3*f**2 - 20*f - 2. Calculate t(-6).
10
Let r(a) = 30*a**3 + 869*a**2 - 28*a + 25. Calculate r(-29).
-4
Let b(f) = 12*f - 26. Determine b(4).
22
Let k(h) = 11*h + 2. Calculate k(4).
46
Let x(a) = -a**3 + 6*a**2 + 5. Give x(6).
5
Let q(s) = -8*s - 35. Give q(-10).
45
Let y(o) = -4*o - 16. What is y(0)?
-16
Let o(j) = -3*j**2 - 2*j - 3. Calculate o(-2).
-11
Let c(h) = -5*h + 21. Determine c(-8).
61
Let i(m) = 2*m**2 + 3*m + 1. Calculate i(-4).
21
Let h(j) = -j + 4. What is h(-7)?
11
Let x(i) = i**2 + 11*i + 2. What is x(-7)?
-26
Let u(d) = d**2 - d + 4. Give u(0).
4
Let h(v) = v**2 + 23*v - 23. Give h(-21).
-65
Let x(y) = y**3 + 8*y**2 + 7*y + 5. What is x(-7)?
5
Let i(z) = -2*z**3 - 14*z**2 + 22*z + 48. What is i(-8)?
0
Let l(n) = -4*n + 2. Give l(-1).
6
Let f(i) = -16*i - 247. Give f(-20).
73
Let v(s) = -5*s**3 - 11*s - 12. Calculate v(-1).
4
Let t(q) = 2*q + 5. Give t(-3).
-1
Let o(u) = -10*u - 1. What is o(1)?
-11
Let i(d) = 6*d - 80. Give i(13).
-2
Let f(u) = -u**2 + 29. What is f(5)?
4
Let l(f) = -5*f**2 + 3*f - 2. Give l(2).
-16
Let j(q) = q**2 + 11*q - 33. Determine j(-13).
-7
Let z(k) = k**2 - 6*k - 29. Give z(10).
11
Let z(h) = h**3 + 10*h**2 + 7*h. Give z(-8).
72
Let d(w) = w**3 - 10*w**2 + 11*w - 4. Calculate d(9).
14
Let k(h) = -h**2 - 33*h + 1218. What is k(22)?
8
Let l(c) = 2*c + 11. Give l(-8).
-5
Let g(r) = -5*r - 3. What is g(1)?
-8
Let w(x) = x**3 + 29*x**2 + 181*x - 5. Determine w(-9).
-14
Let t(l) = -5*l**2 - l + 4. Give t(-2).
-14
Let x(d) = -d**2 + 7*d + 5. Calculate x(7).
5
Let k(b) = -b**3 + 10*b**2 - 24*b - 11. What is k(5)?
-6
Let f(i) = 10*i + 51. Determine f(-4).
11
Let k(w) = 4*w - 5. Give k(-7).
-33
Let a(h) = -h**2 - 2*h + 22. What is a(0)?
22
Let w(q) = -3*q**2 + 4*q - 7. Determine w(2).
-11
Let t(o) = o**2 - 30*o - 224. Determine t(36).
-8
Let f(i) = -i**2 + 11*i - 13. What is f(9)?
5
Let y(n) = -n**3 - 11*n**2 + 3*n + 15. Give y(-11).
-18
Let r(y) = 2*y**2 - 8*y - 9. Calculate r(4).
-9
Let k(z) = -z**2 - 68*z + 67. What is k(1)?
-2
Let k(w) = -w**3 - 10*w**2 - 11*w - 22. Calculate k(-9).
-4
Let m(f) = -2*f**2 - 84*f - 26. What is m(-42)?
-26
Let u(y) = 6*y + 3. Give u(-2).
-9
Let l(b) = 3*b**2 + 28*b - 23. What is l(-10)?
-3
Let j(t) = -t + 6. Give j(6).
0
Let a(b) = -b*